{"id":324,"date":"2023-03-13T01:31:45","date_gmt":"2023-03-13T01:31:45","guid":{"rendered":"https:\/\/skykamas.com\/?page_id=324"},"modified":"2023-03-13T22:36:10","modified_gmt":"2023-03-13T22:36:10","slug":"politicas-de-entrega","status":"publish","type":"page","link":"https:\/\/skykamas.com\/index.php\/politicas-de-entrega\/","title":{"rendered":"POLITICAS DE ENTREGA"},"content":{"rendered":"\t\t<div data-elementor-type=\"wp-page\" data-elementor-id=\"324\" class=\"elementor elementor-324\" data-elementor-post-type=\"page\">\n\t\t\t\t\t\t<section class=\"elementor-section elementor-top-section elementor-element elementor-element-96147d9 elementor-section-boxed elementor-section-height-default elementor-section-height-default\" data-id=\"96147d9\" data-element_type=\"section\">\n\t\t\t\t\t\t<div class=\"elementor-container elementor-column-gap-default\">\n\t\t\t\t\t<div class=\"elementor-column elementor-col-100 elementor-top-column elementor-element elementor-element-6953c46\" data-id=\"6953c46\" data-element_type=\"column\">\n\t\t\t<div class=\"elementor-widget-wrap elementor-element-populated\">\n\t\t\t\t\t\t<div class=\"elementor-element elementor-element-44520f0 elementor-widget elementor-widget-heading\" data-id=\"44520f0\" data-element_type=\"widget\" data-widget_type=\"heading.default\">\n\t\t\t\t<div class=\"elementor-widget-container\">\n\t\t\t\t\t<h2 class=\"elementor-heading-title elementor-size-default\">Pol\u00edticas de Entrega<\/h2>\t\t\t\t<\/div>\n\t\t\t\t<\/div>\n\t\t\t\t<div class=\"elementor-element elementor-element-b89d358 elementor-widget elementor-widget-text-editor\" data-id=\"b89d358\" data-element_type=\"widget\" data-widget_type=\"text-editor.default\">\n\t\t\t\t<div class=\"elementor-widget-container\">\n\t\t\t\t\t\t\t\t\t<p>En algunas ocasiones el tiempo de entrega puede tardar hasta 24h, pero por lo general no toma m\u00e1s de 30minutos. Cuando la entrega excede el tiempo permitido, podemos hacer un reembolso por usted, pero usualmente no lleva m\u00e1s de 30min. Si usted es el que llega tarde o no puede tomar el pedido a tiempo, puede recogerlo en cualquier momento en un plazo de 7 d\u00edas, despu\u00e9s de 7 d\u00edas, si a\u00fan no se ha recibido el pedido, se realizar\u00e1 un reembolso.<\/p><p>1. Una vez que se haya realizado su pedido, puede verificar su estado en el men\u00fa de su cuenta, el estado de su pedido ser\u00e1 \u00abpago aceptado\u00bb.<\/p><p>2. Si el stock est\u00e1 disponible, ser\u00e1 contactado en el juego dentro de un per\u00edodo que puede variar entre 2 minutos y 24 horas (puede comunicarse con nuestro chat en vivo en el sitio en cualquier momento para seguir el progreso de su pedido).<\/p><p>3. Si no hay existencias disponibles, se escribir\u00e1 un mensaje en su pedido, que puede ver en los detalles de su pedido, explicando que su pedido est\u00e1 pendiente de reabastecimiento y el estado de su pedido ser\u00e1 \u00abEsperando reabastecimiento\u00bb.<\/p><p>4. En cualquier caso, se le entregar\u00e1 en menos de 24 horas, en caso contrario tiene derecho a solicitar la devoluci\u00f3n total de su pedido o de la parte no entregada.<\/p><p>5. Es posible que deba proporcionar documentos personales para verificar su identidad y su informaci\u00f3n de pago, estos documentos se mantienen confidenciales y solo se comunicar\u00e1n a su compa\u00f1\u00eda de pago en caso de que uno de sus pagos sea problem\u00e1tico. (puede revisar nuestra pol\u00edtica de privacidad)<br \/>Tiene la posibilidad de consultar la disponibilidad de stock y el tiempo de entrega antes de realizar su pedido contactando con el soporte en l\u00ednea de nuestro sitio.<\/p><p>Orden en proceso:<\/p><p>Aseg\u00farate de completar tus datos correctamente:<br \/>El nombre del personaje que ingresas en tu pedido es el personaje que recibir\u00e1 el pedido en el juego, aseg\u00farate de completarlo correctamente.<\/p><p>Entrega en el juego:<br \/>Una vez realizado el pedido, si hay existencias disponibles, el estado de su pedido cambia a \u00abEntrega en curso\u00bb y nos pondremos en contacto con usted muy r\u00e1pidamente en el juego (unos minutos)<\/p><p>Si el stock no est\u00e1 disponible, el estado de tu pedido cambia a \u00abEn espera de reposici\u00f3n\u00bb y prepararemos tu stock lo antes posible, \u00abentre 30 minutos y 24 horas como m\u00e1ximo\u00bb<\/p><p>Le remendamos estar atento a su correo o al chat en l\u00ednea, en caso de alguna novedad.<\/p>\t\t\t\t\t\t\t\t<\/div>\n\t\t\t\t<\/div>\n\t\t\t\t\t<\/div>\n\t\t<\/div>\n\t\t\t\t\t<\/div>\n\t\t<\/section>\n\t\t\t\t<\/div>\n\t\t","protected":false},"excerpt":{"rendered":"<p>Pol\u00edticas de Entrega En algunas ocasiones el tiempo de entrega puede tardar hasta 24h, pero por lo general no toma m\u00e1s de 30minutos. Cuando la entrega excede el tiempo permitido, podemos hacer un reembolso por usted, pero usualmente no lleva m\u00e1s de 30min. Si usted es el que llega tarde o no puede tomar el [&hellip;]<\/p>\n","protected":false},"author":1,"featured_media":0,"parent":0,"menu_order":0,"comment_status":"closed","ping_status":"closed","template":"","meta":{"site-sidebar-layout":"no-sidebar","site-content-layout":"page-builder","ast-site-content-layout":"","site-content-style":"default","site-sidebar-style":"default","ast-global-header-display":"","ast-banner-title-visibility":"","ast-main-header-display":"","ast-hfb-above-header-display":"","ast-hfb-below-header-display":"","ast-hfb-mobile-header-display":"","site-post-title":"disabled","ast-breadcrumbs-content":"","ast-featured-img":"disabled","footer-sml-layout":"","theme-transparent-header-meta":"","adv-header-id-meta":"","stick-header-meta":"","header-above-stick-meta":"","header-main-stick-meta":"","header-below-stick-meta":"","astra-migrate-meta-layouts":"default","ast-page-background-enabled":"default","ast-page-background-meta":{"desktop":{"background-color":"var(--ast-global-color-4)","background-image":"","background-repeat":"repeat","background-position":"center center","background-size":"auto","background-attachment":"scroll","background-type":"","background-media":"","overlay-type":"","overlay-color":"","overlay-opacity":"","overlay-gradient":""},"tablet":{"background-color":"","background-image":"","background-repeat":"repeat","background-position":"center center","background-size":"auto","background-attachment":"scroll","background-type":"","background-media":"","overlay-type":"","overlay-color":"","overlay-opacity":"","overlay-gradient":""},"mobile":{"background-color":"","background-image":"","background-repeat":"repeat","background-position":"center center","background-size":"auto","background-attachment":"scroll","background-type":"","background-media":"","overlay-type":"","overlay-color":"","overlay-opacity":"","overlay-gradient":""}},"ast-content-background-meta":{"desktop":{"background-color":"var(--ast-global-color-5)","background-image":"","background-repeat":"repeat","background-position":"center center","background-size":"auto","background-attachment":"scroll","background-type":"","background-media":"","overlay-type":"","overlay-color":"","overlay-opacity":"","overlay-gradient":""},"tablet":{"background-color":"var(--ast-global-color-5)","background-image":"","background-repeat":"repeat","background-position":"center center","background-size":"auto","background-attachment":"scroll","background-type":"","background-media":"","overlay-type":"","overlay-color":"","overlay-opacity":"","overlay-gradient":""},"mobile":{"background-color":"var(--ast-global-color-5)","background-image":"","background-repeat":"repeat","background-position":"center center","background-size":"auto","background-attachment":"scroll","background-type":"","background-media":"","overlay-type":"","overlay-color":"","overlay-opacity":"","overlay-gradient":""}},"footnotes":""},"class_list":["post-324","page","type-page","status-publish","hentry"],"yoast_head":"<!-- This site is optimized with the Yoast SEO Premium plugin v20.7 (Yoast SEO v25.2) - https:\/\/yoast.com\/wordpress\/plugins\/seo\/ -->\n<title>POLITICAS DE ENTREGA - Sky Digital Store - Comprar Kamas para Dofus<\/title>\n<meta name=\"description\" content=\"Sky Digital Store Comprar Kamas Dofus al precio m\u00e1s bajo, con entregas r\u00e1pidas y seguras, para Dofus, Dofus Retro y Dofus Touch\" \/>\n<meta name=\"robots\" content=\"index, follow, max-snippet:-1, max-image-preview:large, max-video-preview:-1\" \/>\n<link rel=\"canonical\" href=\"https:\/\/skykamas.com\/index.php\/politicas-de-entrega\/\" \/>\n<meta property=\"og:locale\" content=\"es_ES\" \/>\n<meta property=\"og:type\" content=\"article\" \/>\n<meta property=\"og:title\" content=\"POLITICAS DE ENTREGA\" \/>\n<meta property=\"og:description\" content=\"Sky Digital Store Comprar Kamas Dofus al precio m\u00e1s bajo, con entregas r\u00e1pidas y seguras, para Dofus, Dofus Retro y Dofus Touch\" \/>\n<meta property=\"og:url\" content=\"https:\/\/skykamas.com\/index.php\/politicas-de-entrega\/\" \/>\n<meta property=\"og:site_name\" content=\"Sky Digital Store - Comprar Kamas para Dofus\" \/>\n<meta property=\"article:publisher\" content=\"https:\/\/www.facebook.com\/SkyKamas\" \/>\n<meta property=\"article:modified_time\" content=\"2023-03-13T22:36:10+00:00\" \/>\n<meta name=\"twitter:card\" content=\"summary_large_image\" \/>\n<meta name=\"twitter:label1\" content=\"Tiempo de lectura\" \/>\n\t<meta name=\"twitter:data1\" content=\"2 minutos\" \/>\n<script type=\"application\/ld+json\" class=\"yoast-schema-graph\">{\"@context\":\"https:\/\/schema.org\",\"@graph\":[{\"@type\":\"WebPage\",\"@id\":\"https:\/\/skykamas.com\/index.php\/politicas-de-entrega\/\",\"url\":\"https:\/\/skykamas.com\/index.php\/politicas-de-entrega\/\",\"name\":\"POLITICAS DE ENTREGA - Sky Digital Store - Comprar Kamas para Dofus\",\"isPartOf\":{\"@id\":\"https:\/\/skykamas.com\/#website\"},\"datePublished\":\"2023-03-13T01:31:45+00:00\",\"dateModified\":\"2023-03-13T22:36:10+00:00\",\"description\":\"Sky Digital Store Comprar Kamas Dofus al precio m\u00e1s bajo, con entregas r\u00e1pidas y seguras, para Dofus, Dofus Retro y Dofus Touch\",\"breadcrumb\":{\"@id\":\"https:\/\/skykamas.com\/index.php\/politicas-de-entrega\/#breadcrumb\"},\"inLanguage\":\"es\",\"potentialAction\":[{\"@type\":\"ReadAction\",\"target\":[\"https:\/\/skykamas.com\/index.php\/politicas-de-entrega\/\"]}]},{\"@type\":\"BreadcrumbList\",\"@id\":\"https:\/\/skykamas.com\/index.php\/politicas-de-entrega\/#breadcrumb\",\"itemListElement\":[{\"@type\":\"ListItem\",\"position\":1,\"name\":\"Home\",\"item\":\"https:\/\/skykamas.com\/\"},{\"@type\":\"ListItem\",\"position\":2,\"name\":\"POLITICAS DE ENTREGA\"}]},{\"@type\":\"WebSite\",\"@id\":\"https:\/\/skykamas.com\/#website\",\"url\":\"https:\/\/skykamas.com\/\",\"name\":\"Dofus Kamas Sky Digital Store\",\"description\":\"Comprar Kamas Dofus - Dofus Retro, Dofus Touch, Dofus Classic - Sky Digital Store Kamas al precio m\u00e1s bajo, entregas r\u00e1pidas y confiables.\",\"publisher\":{\"@id\":\"https:\/\/skykamas.com\/#organization\"},\"potentialAction\":[{\"@type\":\"SearchAction\",\"target\":{\"@type\":\"EntryPoint\",\"urlTemplate\":\"https:\/\/skykamas.com\/?s={search_term_string}\"},\"query-input\":{\"@type\":\"PropertyValueSpecification\",\"valueRequired\":true,\"valueName\":\"search_term_string\"}}],\"inLanguage\":\"es\"},{\"@type\":\"Organization\",\"@id\":\"https:\/\/skykamas.com\/#organization\",\"name\":\"Sky Digital Store\",\"url\":\"https:\/\/skykamas.com\/\",\"logo\":{\"@type\":\"ImageObject\",\"inLanguage\":\"es\",\"@id\":\"https:\/\/skykamas.com\/#\/schema\/logo\/image\/\",\"url\":\"https:\/\/skykamas.com\/wp-content\/uploads\/2023\/05\/Logoedit.webp\",\"contentUrl\":\"https:\/\/skykamas.com\/wp-content\/uploads\/2023\/05\/Logoedit.webp\",\"width\":460,\"height\":512,\"caption\":\"Sky Digital Store\"},\"image\":{\"@id\":\"https:\/\/skykamas.com\/#\/schema\/logo\/image\/\"},\"sameAs\":[\"https:\/\/www.facebook.com\/SkyKamas\"]}]}<\/script>\n<!-- \/ Yoast SEO Premium plugin. -->","yoast_head_json":{"title":"POLITICAS DE ENTREGA - Sky Digital Store - Comprar Kamas para Dofus","description":"Sky Digital Store Comprar Kamas Dofus al precio m\u00e1s bajo, con entregas r\u00e1pidas y seguras, para Dofus, Dofus Retro y Dofus Touch","robots":{"index":"index","follow":"follow","max-snippet":"max-snippet:-1","max-image-preview":"max-image-preview:large","max-video-preview":"max-video-preview:-1"},"canonical":"https:\/\/skykamas.com\/index.php\/politicas-de-entrega\/","og_locale":"es_ES","og_type":"article","og_title":"POLITICAS DE ENTREGA","og_description":"Sky Digital Store Comprar Kamas Dofus al precio m\u00e1s bajo, con entregas r\u00e1pidas y seguras, para Dofus, Dofus Retro y Dofus Touch","og_url":"https:\/\/skykamas.com\/index.php\/politicas-de-entrega\/","og_site_name":"Sky Digital Store - Comprar Kamas para Dofus","article_publisher":"https:\/\/www.facebook.com\/SkyKamas","article_modified_time":"2023-03-13T22:36:10+00:00","twitter_card":"summary_large_image","twitter_misc":{"Tiempo de lectura":"2 minutos"},"schema":{"@context":"https:\/\/schema.org","@graph":[{"@type":"WebPage","@id":"https:\/\/skykamas.com\/index.php\/politicas-de-entrega\/","url":"https:\/\/skykamas.com\/index.php\/politicas-de-entrega\/","name":"POLITICAS DE ENTREGA - Sky Digital Store - Comprar Kamas para Dofus","isPartOf":{"@id":"https:\/\/skykamas.com\/#website"},"datePublished":"2023-03-13T01:31:45+00:00","dateModified":"2023-03-13T22:36:10+00:00","description":"Sky Digital Store Comprar Kamas Dofus al precio m\u00e1s bajo, con entregas r\u00e1pidas y seguras, para Dofus, Dofus Retro y Dofus Touch","breadcrumb":{"@id":"https:\/\/skykamas.com\/index.php\/politicas-de-entrega\/#breadcrumb"},"inLanguage":"es","potentialAction":[{"@type":"ReadAction","target":["https:\/\/skykamas.com\/index.php\/politicas-de-entrega\/"]}]},{"@type":"BreadcrumbList","@id":"https:\/\/skykamas.com\/index.php\/politicas-de-entrega\/#breadcrumb","itemListElement":[{"@type":"ListItem","position":1,"name":"Home","item":"https:\/\/skykamas.com\/"},{"@type":"ListItem","position":2,"name":"POLITICAS DE ENTREGA"}]},{"@type":"WebSite","@id":"https:\/\/skykamas.com\/#website","url":"https:\/\/skykamas.com\/","name":"Dofus Kamas Sky Digital Store","description":"Comprar Kamas Dofus - Dofus Retro, Dofus Touch, Dofus Classic - Sky Digital Store Kamas al precio m\u00e1s bajo, entregas r\u00e1pidas y confiables.","publisher":{"@id":"https:\/\/skykamas.com\/#organization"},"potentialAction":[{"@type":"SearchAction","target":{"@type":"EntryPoint","urlTemplate":"https:\/\/skykamas.com\/?s={search_term_string}"},"query-input":{"@type":"PropertyValueSpecification","valueRequired":true,"valueName":"search_term_string"}}],"inLanguage":"es"},{"@type":"Organization","@id":"https:\/\/skykamas.com\/#organization","name":"Sky Digital Store","url":"https:\/\/skykamas.com\/","logo":{"@type":"ImageObject","inLanguage":"es","@id":"https:\/\/skykamas.com\/#\/schema\/logo\/image\/","url":"https:\/\/skykamas.com\/wp-content\/uploads\/2023\/05\/Logoedit.webp","contentUrl":"https:\/\/skykamas.com\/wp-content\/uploads\/2023\/05\/Logoedit.webp","width":460,"height":512,"caption":"Sky Digital Store"},"image":{"@id":"https:\/\/skykamas.com\/#\/schema\/logo\/image\/"},"sameAs":["https:\/\/www.facebook.com\/SkyKamas"]}]}},"_links":{"self":[{"href":"https:\/\/skykamas.com\/index.php\/wp-json\/wp\/v2\/pages\/324","targetHints":{"allow":["GET"]}}],"collection":[{"href":"https:\/\/skykamas.com\/index.php\/wp-json\/wp\/v2\/pages"}],"about":[{"href":"https:\/\/skykamas.com\/index.php\/wp-json\/wp\/v2\/types\/page"}],"author":[{"embeddable":true,"href":"https:\/\/skykamas.com\/index.php\/wp-json\/wp\/v2\/users\/1"}],"replies":[{"embeddable":true,"href":"https:\/\/skykamas.com\/index.php\/wp-json\/wp\/v2\/comments?post=324"}],"version-history":[{"count":13,"href":"https:\/\/skykamas.com\/index.php\/wp-json\/wp\/v2\/pages\/324\/revisions"}],"predecessor-version":[{"id":394,"href":"https:\/\/skykamas.com\/index.php\/wp-json\/wp\/v2\/pages\/324\/revisions\/394"}],"wp:attachment":[{"href":"https:\/\/skykamas.com\/index.php\/wp-json\/wp\/v2\/media?parent=324"}],"curies":[{"name":"wp","href":"https:\/\/api.w.org\/{rel}","templated":true}]}}