{"id":2244,"date":"2023-04-19T20:43:18","date_gmt":"2023-04-19T20:43:18","guid":{"rendered":"https:\/\/skykamas.com\/?page_id=2244"},"modified":"2023-04-20T00:03:06","modified_gmt":"2023-04-20T00:03:06","slug":"login-sesion","status":"publish","type":"page","link":"https:\/\/skykamas.com\/index.php\/login-sesion\/","title":{"rendered":"LOGIN SESION"},"content":{"rendered":"\t\t<div data-elementor-type=\"wp-page\" data-elementor-id=\"2244\" class=\"elementor elementor-2244\" data-elementor-post-type=\"page\">\n\t\t\t\t\t\t<section class=\"elementor-section elementor-top-section elementor-element elementor-element-90210e4 elementor-section-boxed elementor-section-height-default elementor-section-height-default\" data-id=\"90210e4\" data-element_type=\"section\" data-settings=\"{&quot;background_background&quot;:&quot;classic&quot;}\">\n\t\t\t\t\t\t<div class=\"elementor-container elementor-column-gap-default\">\n\t\t\t\t\t<div class=\"elementor-column elementor-col-50 elementor-top-column elementor-element elementor-element-ee1170f\" data-id=\"ee1170f\" data-element_type=\"column\" data-settings=\"{&quot;background_background&quot;:&quot;classic&quot;}\">\n\t\t\t<div class=\"elementor-widget-wrap elementor-element-populated\">\n\t\t\t\t\t\t<div class=\"elementor-element elementor-element-901a10c animated-fast elementor-invisible elementor-widget elementor-widget-image\" data-id=\"901a10c\" data-element_type=\"widget\" data-settings=\"{&quot;_animation&quot;:&quot;zoomIn&quot;}\" data-widget_type=\"image.default\">\n\t\t\t\t<div class=\"elementor-widget-container\">\n\t\t\t\t\t\t\t\t\t\t\t\t\t\t\t<img fetchpriority=\"high\" decoding=\"async\" width=\"512\" height=\"512\" src=\"https:\/\/skykamas.com\/wp-content\/uploads\/2023\/03\/cropped-logo2.webp\" class=\"attachment-large size-large wp-image-157\" alt=\"\" srcset=\"https:\/\/skykamas.com\/wp-content\/uploads\/2023\/03\/cropped-logo2.webp 512w, https:\/\/skykamas.com\/wp-content\/uploads\/2023\/03\/cropped-logo2-300x300.webp 300w, https:\/\/skykamas.com\/wp-content\/uploads\/2023\/03\/cropped-logo2-150x150.webp 150w, https:\/\/skykamas.com\/wp-content\/uploads\/2023\/03\/cropped-logo2-100x100.webp 100w, https:\/\/skykamas.com\/wp-content\/uploads\/2023\/03\/cropped-logo2-270x270.webp 270w, https:\/\/skykamas.com\/wp-content\/uploads\/2023\/03\/cropped-logo2-192x192.webp 192w, https:\/\/skykamas.com\/wp-content\/uploads\/2023\/03\/cropped-logo2-180x180.webp 180w, https:\/\/skykamas.com\/wp-content\/uploads\/2023\/03\/cropped-logo2-32x32.webp 32w\" sizes=\"(max-width: 512px) 100vw, 512px\" \/>\t\t\t\t\t\t\t\t\t\t\t\t\t\t\t<\/div>\n\t\t\t\t<\/div>\n\t\t\t\t\t<\/div>\n\t\t<\/div>\n\t\t\t\t<div class=\"elementor-column elementor-col-50 elementor-top-column elementor-element elementor-element-a3128ef animated-fast elementor-invisible\" data-id=\"a3128ef\" data-element_type=\"column\" data-settings=\"{&quot;background_background&quot;:&quot;classic&quot;,&quot;animation&quot;:&quot;fadeInRight&quot;}\">\n\t\t\t<div class=\"elementor-widget-wrap elementor-element-populated\">\n\t\t\t\t\t\t<div class=\"elementor-element elementor-element-fdbf860 elementor-widget elementor-widget-image\" data-id=\"fdbf860\" data-element_type=\"widget\" data-widget_type=\"image.default\">\n\t\t\t\t<div class=\"elementor-widget-container\">\n\t\t\t\t\t\t\t\t\t\t\t\t\t\t\t<img decoding=\"async\" width=\"118\" height=\"176\" src=\"https:\/\/skykamas.com\/wp-content\/uploads\/2023\/03\/avatar.webp\" class=\"attachment-large size-large wp-image-243\" alt=\"\" \/>\t\t\t\t\t\t\t\t\t\t\t\t\t\t\t<\/div>\n\t\t\t\t<\/div>\n\t\t\t\t<div class=\"elementor-element elementor-element-89d5e4d elementor-widget elementor-widget-heading\" data-id=\"89d5e4d\" data-element_type=\"widget\" data-widget_type=\"heading.default\">\n\t\t\t\t<div class=\"elementor-widget-container\">\n\t\t\t\t\t<h2 class=\"elementor-heading-title elementor-size-default\">Iniciar Sesi\u00f3n \/ Registrarse<\/h2>\t\t\t\t<\/div>\n\t\t\t\t<\/div>\n\t\t\t\t<div class=\"elementor-element elementor-element-1696f37 elementor-widget elementor-widget-shortcode\" data-id=\"1696f37\" data-element_type=\"widget\" data-widget_type=\"shortcode.default\">\n\t\t\t\t<div class=\"elementor-widget-container\">\n\t\t\t\t\t\t\t<div class=\"elementor-shortcode\"><div class=\"woocommerce\"><div class=\"woocommerce-notices-wrapper\"><\/div>\n\n<div class=\"u-columns col2-set\" id=\"customer_login\">\n\n\t<div class=\"u-column1 col-1\">\n\n\n\t\t<h2>Acceder<\/h2>\n\n\t\t<form class=\"woocommerce-form woocommerce-form-login login\" method=\"post\" novalidate>\n\n\t\t\t\n\t\t\t<p class=\"woocommerce-form-row woocommerce-form-row--wide form-row form-row-wide\">\n\t\t\t\t<label for=\"username\">Nombre de usuario o correo electr\u00f3nico&nbsp;<span class=\"required\" aria-hidden=\"true\">*<\/span><span class=\"screen-reader-text\">Obligatorio<\/span><\/label>\n\t\t\t\t<input type=\"text\" class=\"woocommerce-Input woocommerce-Input--text input-text\" name=\"username\" id=\"username\" autocomplete=\"username\" value=\"\" required aria-required=\"true\" \/>\t\t\t<\/p>\n\t\t\t<p class=\"woocommerce-form-row woocommerce-form-row--wide form-row form-row-wide\">\n\t\t\t\t<label for=\"password\">Contrase\u00f1a&nbsp;<span class=\"required\" aria-hidden=\"true\">*<\/span><span class=\"screen-reader-text\">Obligatorio<\/span><\/label>\n\t\t\t\t<input class=\"woocommerce-Input woocommerce-Input--text input-text\" type=\"password\" name=\"password\" id=\"password\" autocomplete=\"current-password\" required aria-required=\"true\" \/>\n\t\t\t<\/p>\n\n\t\t\t\n\t\t\t<p class=\"form-row\">\n\t\t\t\t<label class=\"woocommerce-form__label woocommerce-form__label-for-checkbox woocommerce-form-login__rememberme\">\n\t\t\t\t\t<input class=\"woocommerce-form__input woocommerce-form__input-checkbox\" name=\"rememberme\" type=\"checkbox\" id=\"rememberme\" value=\"forever\" \/> <span>Recu\u00e9rdame<\/span>\n\t\t\t\t<\/label>\n\t\t\t\t<input type=\"hidden\" id=\"woocommerce-login-nonce\" name=\"woocommerce-login-nonce\" value=\"1ebd1d8164\" \/><input type=\"hidden\" name=\"_wp_http_referer\" value=\"\/index.php\/wp-json\/wp\/v2\/pages\/2244\" \/>\t\t\t\t<button type=\"submit\" class=\"woocommerce-button button woocommerce-form-login__submit\" name=\"login\" value=\"Acceso\">Acceso<\/button>\n\t\t\t<\/p>\n\t\t\t<p class=\"woocommerce-LostPassword lost_password\">\n\t\t\t\t<a href=\"https:\/\/skykamas.com\/index.php\/mi-cuenta\/lost-password\/\">\u00bfOlvidaste la contrase\u00f1a?<\/a>\n\t\t\t<\/p>\n\n\t\t\t\n\t\t<\/form>\n\n\n\t<\/div>\n\n\t<div class=\"u-column2 col-2\">\n\n\t\t<h2>Registrarse<\/h2>\n\n\t\t<form method=\"post\" class=\"woocommerce-form woocommerce-form-register register\"  >\n\n\t\t\t\n\t\t\t\n\t\t\t\t<p class=\"woocommerce-form-row woocommerce-form-row--wide form-row form-row-wide\">\n\t\t\t\t\t<label for=\"reg_username\">Nombre de usuario&nbsp;<span class=\"required\" aria-hidden=\"true\">*<\/span><span class=\"screen-reader-text\">Obligatorio<\/span><\/label>\n\t\t\t\t\t<input type=\"text\" class=\"woocommerce-Input woocommerce-Input--text input-text\" name=\"username\" id=\"reg_username\" autocomplete=\"username\" value=\"\" required aria-required=\"true\" \/>\t\t\t\t<\/p>\n\n\t\t\t\n\t\t\t<p class=\"woocommerce-form-row woocommerce-form-row--wide form-row form-row-wide\">\n\t\t\t\t<label for=\"reg_email\">Direcci\u00f3n de correo electr\u00f3nico&nbsp;<span class=\"required\" aria-hidden=\"true\">*<\/span><span class=\"screen-reader-text\">Obligatorio<\/span><\/label>\n\t\t\t\t<input type=\"email\" class=\"woocommerce-Input woocommerce-Input--text input-text\" name=\"email\" id=\"reg_email\" autocomplete=\"email\" value=\"\" required aria-required=\"true\" \/>\t\t\t<\/p>\n\n\t\t\t\n\t\t\t\t<p>Se enviar\u00e1 un enlace a tu direcci\u00f3n de correo electr\u00f3nico para establecer una nueva contrase\u00f1a.<\/p>\n\n\t\t\t\n\t\t\t<wc-order-attribution-inputs><\/wc-order-attribution-inputs><div class=\"woocommerce-privacy-policy-text\"><p>Tus datos personales se utilizar\u00e1n para procesar tu pedido, mejorar tu experiencia en el sitio web, gestionar el acceso a tu cuenta y otros prop\u00f3sitos descritos en nuestra <a href=\"\" class=\"woocommerce-privacy-policy-link\" target=\"_blank\">pol\u00edtica de privacidad<\/a>.<\/p>\n<\/div>\n\t\t\t<p class=\"woocommerce-form-row form-row\">\n\t\t\t\t<input type=\"hidden\" id=\"woocommerce-register-nonce\" name=\"woocommerce-register-nonce\" value=\"db44feaed2\" \/><input type=\"hidden\" name=\"_wp_http_referer\" value=\"\/index.php\/wp-json\/wp\/v2\/pages\/2244\" \/>\t\t\t\t<button type=\"submit\" class=\"woocommerce-Button woocommerce-button button woocommerce-form-register__submit\" name=\"register\" value=\"Registrarse\">Registrarse<\/button>\n\t\t\t<\/p>\n\n\t\t\t\n\t\t<\/form>\n\n\t<\/div>\n\n<\/div>\n\n<\/div><\/div>\n\t\t\t\t\t\t<\/div>\n\t\t\t\t<\/div>\n\t\t\t\t\t<\/div>\n\t\t<\/div>\n\t\t\t\t\t<\/div>\n\t\t<\/section>\n\t\t\t\t<\/div>\n\t\t","protected":false},"excerpt":{"rendered":"<p>Iniciar Sesi\u00f3n \/ Registrarse<\/p>\n","protected":false},"author":1,"featured_media":0,"parent":0,"menu_order":0,"comment_status":"closed","ping_status":"closed","template":"","meta":{"site-sidebar-layout":"no-sidebar","site-content-layout":"page-builder","ast-site-content-layout":"","site-content-style":"default","site-sidebar-style":"default","ast-global-header-display":"","ast-banner-title-visibility":"","ast-main-header-display":"","ast-hfb-above-header-display":"","ast-hfb-below-header-display":"","ast-hfb-mobile-header-display":"","site-post-title":"disabled","ast-breadcrumbs-content":"","ast-featured-img":"disabled","footer-sml-layout":"","theme-transparent-header-meta":"","adv-header-id-meta":"","stick-header-meta":"","header-above-stick-meta":"","header-main-stick-meta":"","header-below-stick-meta":"","astra-migrate-meta-layouts":"default","ast-page-background-enabled":"default","ast-page-background-meta":{"desktop":{"background-color":"var(--ast-global-color-4)","background-image":"","background-repeat":"repeat","background-position":"center center","background-size":"auto","background-attachment":"scroll","background-type":"","background-media":"","overlay-type":"","overlay-color":"","overlay-opacity":"","overlay-gradient":""},"tablet":{"background-color":"","background-image":"","background-repeat":"repeat","background-position":"center center","background-size":"auto","background-attachment":"scroll","background-type":"","background-media":"","overlay-type":"","overlay-color":"","overlay-opacity":"","overlay-gradient":""},"mobile":{"background-color":"","background-image":"","background-repeat":"repeat","background-position":"center center","background-size":"auto","background-attachment":"scroll","background-type":"","background-media":"","overlay-type":"","overlay-color":"","overlay-opacity":"","overlay-gradient":""}},"ast-content-background-meta":{"desktop":{"background-color":"var(--ast-global-color-5)","background-image":"","background-repeat":"repeat","background-position":"center center","background-size":"auto","background-attachment":"scroll","background-type":"","background-media":"","overlay-type":"","overlay-color":"","overlay-opacity":"","overlay-gradient":""},"tablet":{"background-color":"var(--ast-global-color-5)","background-image":"","background-repeat":"repeat","background-position":"center center","background-size":"auto","background-attachment":"scroll","background-type":"","background-media":"","overlay-type":"","overlay-color":"","overlay-opacity":"","overlay-gradient":""},"mobile":{"background-color":"var(--ast-global-color-5)","background-image":"","background-repeat":"repeat","background-position":"center center","background-size":"auto","background-attachment":"scroll","background-type":"","background-media":"","overlay-type":"","overlay-color":"","overlay-opacity":"","overlay-gradient":""}},"footnotes":""},"class_list":["post-2244","page","type-page","status-publish","hentry"],"yoast_head":"<!-- This site is optimized with the Yoast SEO Premium plugin v20.7 (Yoast SEO v25.2) - https:\/\/yoast.com\/wordpress\/plugins\/seo\/ -->\n<title>LOGIN SESION - Sky Digital Store - Comprar Kamas para Dofus<\/title>\n<meta name=\"description\" content=\"Sky Digital Store Comprar Kamas Dofus al precio m\u00e1s bajo, con entregas r\u00e1pidas y seguras, para Dofus, Dofus Retro y Dofus Touch\" \/>\n<meta name=\"robots\" content=\"index, follow, max-snippet:-1, max-image-preview:large, max-video-preview:-1\" \/>\n<link rel=\"canonical\" href=\"https:\/\/skykamas.com\/index.php\/login-sesion\/\" \/>\n<meta property=\"og:locale\" content=\"es_ES\" \/>\n<meta property=\"og:type\" content=\"article\" \/>\n<meta property=\"og:title\" content=\"LOGIN SESION\" \/>\n<meta property=\"og:description\" content=\"Sky Digital Store Comprar Kamas Dofus al precio m\u00e1s bajo, con entregas r\u00e1pidas y seguras, para Dofus, Dofus Retro y Dofus Touch\" \/>\n<meta property=\"og:url\" content=\"https:\/\/skykamas.com\/index.php\/login-sesion\/\" \/>\n<meta property=\"og:site_name\" content=\"Sky Digital Store - Comprar Kamas para Dofus\" \/>\n<meta property=\"article:publisher\" content=\"https:\/\/www.facebook.com\/SkyKamas\" \/>\n<meta property=\"article:modified_time\" content=\"2023-04-20T00:03:06+00:00\" \/>\n<meta property=\"og:image\" content=\"https:\/\/skykamas.com\/wp-content\/uploads\/2023\/03\/cropped-logo2.webp\" \/>\n<meta name=\"twitter:card\" content=\"summary_large_image\" \/>\n<script type=\"application\/ld+json\" class=\"yoast-schema-graph\">{\"@context\":\"https:\/\/schema.org\",\"@graph\":[{\"@type\":\"WebPage\",\"@id\":\"https:\/\/skykamas.com\/index.php\/login-sesion\/\",\"url\":\"https:\/\/skykamas.com\/index.php\/login-sesion\/\",\"name\":\"LOGIN SESION - Sky Digital Store - Comprar Kamas para Dofus\",\"isPartOf\":{\"@id\":\"https:\/\/skykamas.com\/#website\"},\"primaryImageOfPage\":{\"@id\":\"https:\/\/skykamas.com\/index.php\/login-sesion\/#primaryimage\"},\"image\":{\"@id\":\"https:\/\/skykamas.com\/index.php\/login-sesion\/#primaryimage\"},\"thumbnailUrl\":\"https:\/\/skykamas.com\/wp-content\/uploads\/2023\/03\/cropped-logo2.webp\",\"datePublished\":\"2023-04-19T20:43:18+00:00\",\"dateModified\":\"2023-04-20T00:03:06+00:00\",\"description\":\"Sky Digital Store Comprar Kamas Dofus al precio m\u00e1s bajo, con entregas r\u00e1pidas y seguras, para Dofus, Dofus Retro y Dofus Touch\",\"breadcrumb\":{\"@id\":\"https:\/\/skykamas.com\/index.php\/login-sesion\/#breadcrumb\"},\"inLanguage\":\"es\",\"potentialAction\":[{\"@type\":\"ReadAction\",\"target\":[\"https:\/\/skykamas.com\/index.php\/login-sesion\/\"]}]},{\"@type\":\"ImageObject\",\"inLanguage\":\"es\",\"@id\":\"https:\/\/skykamas.com\/index.php\/login-sesion\/#primaryimage\",\"url\":\"https:\/\/skykamas.com\/wp-content\/uploads\/2023\/03\/cropped-logo2.webp\",\"contentUrl\":\"https:\/\/skykamas.com\/wp-content\/uploads\/2023\/03\/cropped-logo2.webp\",\"width\":512,\"height\":512},{\"@type\":\"BreadcrumbList\",\"@id\":\"https:\/\/skykamas.com\/index.php\/login-sesion\/#breadcrumb\",\"itemListElement\":[{\"@type\":\"ListItem\",\"position\":1,\"name\":\"Home\",\"item\":\"https:\/\/skykamas.com\/\"},{\"@type\":\"ListItem\",\"position\":2,\"name\":\"LOGIN SESION\"}]},{\"@type\":\"WebSite\",\"@id\":\"https:\/\/skykamas.com\/#website\",\"url\":\"https:\/\/skykamas.com\/\",\"name\":\"Dofus Kamas Sky Digital Store\",\"description\":\"Comprar Kamas Dofus - Dofus Retro, Dofus Touch, Dofus Classic - Sky Digital Store Kamas al precio m\u00e1s bajo, entregas r\u00e1pidas y confiables.\",\"publisher\":{\"@id\":\"https:\/\/skykamas.com\/#organization\"},\"potentialAction\":[{\"@type\":\"SearchAction\",\"target\":{\"@type\":\"EntryPoint\",\"urlTemplate\":\"https:\/\/skykamas.com\/?s={search_term_string}\"},\"query-input\":{\"@type\":\"PropertyValueSpecification\",\"valueRequired\":true,\"valueName\":\"search_term_string\"}}],\"inLanguage\":\"es\"},{\"@type\":\"Organization\",\"@id\":\"https:\/\/skykamas.com\/#organization\",\"name\":\"Sky Digital Store\",\"url\":\"https:\/\/skykamas.com\/\",\"logo\":{\"@type\":\"ImageObject\",\"inLanguage\":\"es\",\"@id\":\"https:\/\/skykamas.com\/#\/schema\/logo\/image\/\",\"url\":\"https:\/\/skykamas.com\/wp-content\/uploads\/2023\/05\/Logoedit.webp\",\"contentUrl\":\"https:\/\/skykamas.com\/wp-content\/uploads\/2023\/05\/Logoedit.webp\",\"width\":460,\"height\":512,\"caption\":\"Sky Digital Store\"},\"image\":{\"@id\":\"https:\/\/skykamas.com\/#\/schema\/logo\/image\/\"},\"sameAs\":[\"https:\/\/www.facebook.com\/SkyKamas\"]}]}<\/script>\n<!-- \/ Yoast SEO Premium plugin. -->","yoast_head_json":{"title":"LOGIN SESION - Sky Digital Store - Comprar Kamas para Dofus","description":"Sky Digital Store Comprar Kamas Dofus al precio m\u00e1s bajo, con entregas r\u00e1pidas y seguras, para Dofus, Dofus Retro y Dofus Touch","robots":{"index":"index","follow":"follow","max-snippet":"max-snippet:-1","max-image-preview":"max-image-preview:large","max-video-preview":"max-video-preview:-1"},"canonical":"https:\/\/skykamas.com\/index.php\/login-sesion\/","og_locale":"es_ES","og_type":"article","og_title":"LOGIN SESION","og_description":"Sky Digital Store Comprar Kamas Dofus al precio m\u00e1s bajo, con entregas r\u00e1pidas y seguras, para Dofus, Dofus Retro y Dofus Touch","og_url":"https:\/\/skykamas.com\/index.php\/login-sesion\/","og_site_name":"Sky Digital Store - Comprar Kamas para Dofus","article_publisher":"https:\/\/www.facebook.com\/SkyKamas","article_modified_time":"2023-04-20T00:03:06+00:00","og_image":[{"url":"https:\/\/skykamas.com\/wp-content\/uploads\/2023\/03\/cropped-logo2.webp","type":"","width":"","height":""}],"twitter_card":"summary_large_image","schema":{"@context":"https:\/\/schema.org","@graph":[{"@type":"WebPage","@id":"https:\/\/skykamas.com\/index.php\/login-sesion\/","url":"https:\/\/skykamas.com\/index.php\/login-sesion\/","name":"LOGIN SESION - Sky Digital Store - Comprar Kamas para Dofus","isPartOf":{"@id":"https:\/\/skykamas.com\/#website"},"primaryImageOfPage":{"@id":"https:\/\/skykamas.com\/index.php\/login-sesion\/#primaryimage"},"image":{"@id":"https:\/\/skykamas.com\/index.php\/login-sesion\/#primaryimage"},"thumbnailUrl":"https:\/\/skykamas.com\/wp-content\/uploads\/2023\/03\/cropped-logo2.webp","datePublished":"2023-04-19T20:43:18+00:00","dateModified":"2023-04-20T00:03:06+00:00","description":"Sky Digital Store Comprar Kamas Dofus al precio m\u00e1s bajo, con entregas r\u00e1pidas y seguras, para Dofus, Dofus Retro y Dofus Touch","breadcrumb":{"@id":"https:\/\/skykamas.com\/index.php\/login-sesion\/#breadcrumb"},"inLanguage":"es","potentialAction":[{"@type":"ReadAction","target":["https:\/\/skykamas.com\/index.php\/login-sesion\/"]}]},{"@type":"ImageObject","inLanguage":"es","@id":"https:\/\/skykamas.com\/index.php\/login-sesion\/#primaryimage","url":"https:\/\/skykamas.com\/wp-content\/uploads\/2023\/03\/cropped-logo2.webp","contentUrl":"https:\/\/skykamas.com\/wp-content\/uploads\/2023\/03\/cropped-logo2.webp","width":512,"height":512},{"@type":"BreadcrumbList","@id":"https:\/\/skykamas.com\/index.php\/login-sesion\/#breadcrumb","itemListElement":[{"@type":"ListItem","position":1,"name":"Home","item":"https:\/\/skykamas.com\/"},{"@type":"ListItem","position":2,"name":"LOGIN SESION"}]},{"@type":"WebSite","@id":"https:\/\/skykamas.com\/#website","url":"https:\/\/skykamas.com\/","name":"Dofus Kamas Sky Digital Store","description":"Comprar Kamas Dofus - Dofus Retro, Dofus Touch, Dofus Classic - Sky Digital Store Kamas al precio m\u00e1s bajo, entregas r\u00e1pidas y confiables.","publisher":{"@id":"https:\/\/skykamas.com\/#organization"},"potentialAction":[{"@type":"SearchAction","target":{"@type":"EntryPoint","urlTemplate":"https:\/\/skykamas.com\/?s={search_term_string}"},"query-input":{"@type":"PropertyValueSpecification","valueRequired":true,"valueName":"search_term_string"}}],"inLanguage":"es"},{"@type":"Organization","@id":"https:\/\/skykamas.com\/#organization","name":"Sky Digital Store","url":"https:\/\/skykamas.com\/","logo":{"@type":"ImageObject","inLanguage":"es","@id":"https:\/\/skykamas.com\/#\/schema\/logo\/image\/","url":"https:\/\/skykamas.com\/wp-content\/uploads\/2023\/05\/Logoedit.webp","contentUrl":"https:\/\/skykamas.com\/wp-content\/uploads\/2023\/05\/Logoedit.webp","width":460,"height":512,"caption":"Sky Digital Store"},"image":{"@id":"https:\/\/skykamas.com\/#\/schema\/logo\/image\/"},"sameAs":["https:\/\/www.facebook.com\/SkyKamas"]}]}},"_links":{"self":[{"href":"https:\/\/skykamas.com\/index.php\/wp-json\/wp\/v2\/pages\/2244","targetHints":{"allow":["GET"]}}],"collection":[{"href":"https:\/\/skykamas.com\/index.php\/wp-json\/wp\/v2\/pages"}],"about":[{"href":"https:\/\/skykamas.com\/index.php\/wp-json\/wp\/v2\/types\/page"}],"author":[{"embeddable":true,"href":"https:\/\/skykamas.com\/index.php\/wp-json\/wp\/v2\/users\/1"}],"replies":[{"embeddable":true,"href":"https:\/\/skykamas.com\/index.php\/wp-json\/wp\/v2\/comments?post=2244"}],"version-history":[{"count":62,"href":"https:\/\/skykamas.com\/index.php\/wp-json\/wp\/v2\/pages\/2244\/revisions"}],"predecessor-version":[{"id":2326,"href":"https:\/\/skykamas.com\/index.php\/wp-json\/wp\/v2\/pages\/2244\/revisions\/2326"}],"wp:attachment":[{"href":"https:\/\/skykamas.com\/index.php\/wp-json\/wp\/v2\/media?parent=2244"}],"curies":[{"name":"wp","href":"https:\/\/api.w.org\/{rel}","templated":true}]}}